 prime factors of z?
11, 277
Suppose 12*x - 6*x - 2664 = 0. List the prime factors of x.
2, 3, 37
Suppose 6*t = 6 + 30. Suppose 0 = 4*f - t*f + 398. What are the prime factors of f?
199
List the prime factors of (12/(-15))/((-3)/3870).
2, 3, 43
Suppose -60*g = -63*g + 1908. What are the prime factors of g?
2, 3, 53
Let f(k) = -286*k + 6. Let z be f(-1). Suppose 0 = -p + z - 35. What are the prime factors of p?
257
Let m(h) = 3*h**2 + 15*h - 13. Let s(x) = -x**2. Let o(n) = -m(n) - 2*s(n). What are the prime factors of o(-7)?
3, 23
Let a be (-10 + 1)/(-5 - -6). Let o(x) = -x**2 - 10*x - 12. Let w be o(a). List the prime factors of (-26)/(-39) - 91/w.
31
Let m(i) = -6*i + 19. Let a be m(4). What are the prime factors of (a - 1)*2*(-39)/4?
3, 13
Let c be (-8)/((-4)/(-3 - -5)). Suppose 2*t - 4*n + 2 = c, 2*n = -2*t - 28. What are the prime factors of 1 + (1 - 2) - t?
3
Suppose 0 = 5*m + 4*q - 516 - 1442, -1942 = -5*m + 4*q. What are the prime factors of m?
2, 3, 5, 13
Let k = -12 + 6. Let t(n) be the third derivative of -n**6/120 - n**5/15 + 3*n**4/8 + n**3/3 - 16*n**2. What are the prime factors of t(k)?
2, 5
Let m(u) be the second derivative of 5*u**3/6 + 45*u**2/2 - 11*u. What are the prime factors of m(13)?
2, 5, 11
Let f = -26 - -29. Let r(a) = 5*a**3 - 2*a**2 - 3*a + 4. What are the prime factors of r(f)?
2, 7
Let l(x) = 3*x - 10. Let k = 38 + -25. Let d be l(k). Let f = d + -6. What are the prime factors of f?
23
Suppose 2*y - 4487 = 3*t, 7*t - 9*t = 5*y - 11246. List the prime factors of y.
2, 281
Let n(l) = 25*l - 2 - 5 - 44 - 20*l. List the prime factors of n(18).
3, 13
Suppose 1991 = 2*g + 5*c, 4*g - 5*g = 3*c - 994. Suppose 98 = -5*y + g. What are the prime factors of y?
181
What are the prime factors of 1/1*(24 + 649)?
673
Suppose 6*n + 2*n - 32 = 0. Suppose 3*p + p = -k + 199, -k = -n*p - 159. List the prime factors of k.
179
Let i be 15/(-25) - (-1584)/15. List the prime factors of 3*6/9*i/2.
3, 5, 7
Suppose 696*w + 12717 = 705*w. List the prime factors of w.
3, 157
Suppose -52670 - 9570 = -40*m. List the prime factors of m.
2, 389
Suppose -4*s + 5*b + 7721 = 0, -4*s + 3*b + 1590 = -6121. What are the prime factors of s?
2, 13, 37
Let b(d) = -2*d**2 - 16*d - 9. Let u be b(-6). Let r = u + 37. What are the prime factors of r?
2, 13
Let t = -2 + -3. Let a(w) = -20*w + 6. List the prime factors of a(t).
2, 53
Let s(a) = 17*a - 1. Suppose f - 2*j = 10, 6*f + 4*j = f - 6. Suppose 2*t - 6 = f*l - 3*t, 3*l - 3*t = 0. List the prime factors of s(l).
3, 11
Let g(a) = -25*a - 18. Let p be g(-9). Let k(c) = -c**2 - 2*c - 148. Let o be k(0). Let q = p + o. List the prime factors of q.
59
List the prime factors of ((-204)/119)/((-2)/665).
2, 3, 5, 19
Let f(j) be the first derivative of 3*j**2/2 + 23*j - 9. What are the prime factors of f(-7)?
2
Let h(s) = 2*s**2 + 33*s + 155. List the prime factors of h(-16).
139
Let h(d) = -d**2 + 16*d - 12. What are the prime factors of h(4)?
2, 3
Let l be 1 + (-1 + -1 - -3). Let a(z) = 0*z**3 + 14*z**2 + 6*z**3 - 2 - 4*z**3 + l*z - 17*z**2. What are the prime factors of a(2)?
2, 3
Let d = 498 - -44. List the prime factors of d.
2, 271
Let k = 273 + 836. What are the prime factors of k?
1109
Let q be 4/10 - (-26)/10. Suppose -3*m = 2*l - 5, 2*l = -1 - q. Suppose -w = -m*w + 64. What are the prime factors of w?
2
Let x(j) = 13*j**3 + j**2 - j + 7. Let v(q) = -14*q**3 - q**2 + q - 6. Let m(k) = -6*v(k) - 5*x(k). List the prime factors of m(1).
2, 5
Let v be -1*(-7 - -5) + 1 + -1. Let z(x) = -x**3 + 4*x**2 - x + 4. Let h be z(4). Suppose h = v*s - 4. List the prime factors of s.
2
Suppose u - 3*j = 0, j = -j. Suppose -2*t - q + 5*q = -26, -3*q - 12 = u. Suppose -6*k + 2*k + 56 = -t*b, 0 = b. List the prime factors of k.
2, 7
Suppose 2*f = -534 + 3112. Suppose 0 = k - 5*b - 241, 2*k = -3*k + 4*b + f. Suppose -4*c + 192 = 5*m - 64, -c = -5*m + k. What are the prime factors of m?
2, 13
Let o(w) be the second derivative of w**3/6 + 4*w**2 - 6*w. Let v be o(-15). Let l = 12 + v. List the prime factors of l.
5
Suppose j + 5 = 2*n + 18, 2*n + 3 = -j. List the prime factors of (7 - 2)*(9 + n).
5
List the prime factors of 1/3 + -6314*14/(-42).
5, 421
Let t be (-15)/6*24/(-20). Suppose -2*v - 145 = t*v + 5*m, 5*v - 2*m = -117. Let y = 46 + v. List the prime factors of y.
3, 7
Let i(f) = f**2 + 9*f. Let l be i(-9). Let c be (l/(-3))/(0 + 2). Suppose 3*t - 3*y = -4*y + 83, c = 4*y - 20. List the prime factors of t.
2, 13
Suppose -71*h + 12070 = -184103. What are the prime factors of h?
3, 307
Suppose 24*k - 18*k - 1038 = 0. Let a = k - 100. What are the prime factors of a?
73
Let o(t) = -t**3 + 2*t**2 + t + 23. Let p be o(0). Let m(i) = 14*i. Let g be m(1). Let k = p + g. What are the prime factors of k?
37
Suppose 0 = -n - 2*n + 4*g + 22, 2*n - 12 = 2*g. Suppose -202 = -n*d + 120. What are the prime factors of d?
7, 23
Suppose 8*l + 4350 = 11*l + 2*q, 5*l - q - 7263 = 0. List the prime factors of l.
2, 3, 11
Let k be (17/(-6) - 6/(-12))*-3. Let x = k + 15. List the prime factors of x.
2, 11
Let k(a) be the third derivative of -a**4/8 - 23*a**3/3 - 44*a**2. What are the prime factors of k(-16)?
2
List the prime factors of 0 - (55938/(-30) - 4/10).
5, 373
Let s(f) = -f**3 - 4*f**2 + 4. Let h be s(-4). Suppose 0 = -h*k - 3*n + 153, -3*k + 6*n - 2*n = -121. Suppose -j + 4*j - k = 0. List the prime factors of j.
13
Let j be (6/(-2))/((-12)/40). Let m(b) = 32*b**2. Let i be m(1). Let t = i - j. What are the prime factors of t?
2, 11
Let b be (-8)/(-40) - 14/(-5). Let l be 0 + b + (4 - 3). Suppose -l*k = -2*k - 20. List the prime factors of k.
2, 5
Suppose -7 - 3893 = -10*x. What are the prime factors of (-2)/(-4) + x/4?
2, 7
Let v = 522 - 255. List the prime factors of v.
3, 89
Let c(s) = s**3 - 4*s**2 + 2*s + 6. Let t be c(3). Suppose -10 + 1 = t*u. List the prime factors of 53 + 2/(u - -2).
3, 17
Suppose r + 8*s - 4*s = 1669, 4952 = 3*r + s. What are the prime factors of r?
17, 97
Suppose 2*y - 846 = 5*i, 4*y = -29*i + 33*i + 1692. List the prime factors of y.
3, 47
Let q(y) = 4*y**2 - y + 3. Suppose 4 = 4*z, -2*m + 7 = -m + 4*z. Suppose b - m = 2*b. What are the prime factors of q(b)?
2, 3, 7
Let z(p) be the first derivative of -4*p**2 - 2*p + 1. List the prime factors of z(-8).
2, 31
Suppose 2*x + x + 0*x = 0. Suppose x = -6*w - 3*w + 972. What are the prime factors of w?
2, 3
Let w(a) = 4*a. Let r be w(-1). Let u be 2 + ((-24)/r - 2). List the prime factors of (-4 - -23)/(3/u).
2, 19
Suppose -3*l = 37*l - 84880. List the prime factors of l.
2, 1061
Suppose 2*j + h - 1 - 12 = 0, -3*h = 2*j - 19. Suppose j*a = 4*d - 535, -4*a - a = -5. List the prime factors of d.
3, 5
Let s = 1933 - 1045. List the prime factors of s.
2, 3, 37
Suppose 0 = -85*r + 74*r + 275. What are the prime factors of r?
5
Let o be 1*(-3 + 60/1). Suppose o = -4*j + 7*j. List the prime factors of j + 1*(4 - 3).
2, 5
Let h(v) be the second derivative of -17*v**3/6 + 17*v**2/2 + 13*v. What are the prime factors of h(-4)?
5, 17
Let s = 391 + 70. What are the prime factors of s?
461
Let y = -99 + -33. Let i be y/(-15) - 1/(-5). Let o = 5 + i. List the prime factors of o.
2, 7
Let r = 834 - 764. What are the prime factors of r?
2, 5, 7
Let z be ((-10)/(-15))/(-2*3/(-27)). Suppose -3 = v + 4*b - 76, v - 66 = z*b. What are the prime factors of v?
3, 23
Let p = 96 + 71. Suppose 0 = -3*z + 2*u + p, -2*u = 2*z - 151 + 33. What are the prime factors of z?
3, 19
Let r = -25 - -30. Let h(s) = s + 12*s - 5 + 1 + r. List the prime factors of h(1).
2, 7
Let l(g) = -g**3 + 5*g**2 - 6*g + 9. Let i be l(4). Suppose i = -p + 15. List the prime factors of p.
2, 7
Suppose 6*k + 48 = 4*k. Let z = k - 12. What are the prime factors of (-2652)/z + 2/(-3)?
73
Suppose 13*o - 198 - 9643 = 0. List the prime factors of o.
757
Suppose -3*l + 161 = -7*l + w, 3*l + 5*w + 115 = 0. Let y = l - -156. List the prime factors of y.
2, 29
Let o(q) be the second derivative of -q**4/12 + 11*q**3/6 + 3*q**2/2 - 24*q. Suppose -3*y = 5*i - 45, 4*y - 8 - 1 = -i. What are the prime factors of o(i)?
3, 7
Let q(z) be the second derivative of z**5/20 - z**4/6 + z**3/3 + 5*z**2/2 + 16*z. List the prime factors of q(3).
2, 5
Let s(u) = u**2 + 16*u - 55. What are the prime factors of s(-21)?
2, 5
Suppose 